96/(-441) + (-56420)/36*-2.
2, 1567
Let w(a) = a**2 + 30*a + 10. Let d be w(-30). Suppose 5*k - 150 = 3*r, d*k + r - 76 = 7*k. What are the prime factors of k?
3
Suppose 2*l + 4 + 15 = 3*x, l = 5*x - 34. List the prime factors of 3351*x/63 + 4/6.
373
Let d(l) = 29*l - 166. Let k(v) = 55*v - 332. Let b(y) = 5*d(y) - 2*k(y). List the prime factors of b(24).
2, 337
Suppose -482*b = -1190323 - 1871691 - 1712678. List the prime factors of b.
2, 3, 13, 127
Suppose 2*w - 4 = -5*v + 43, 5*w - 3*v - 71 = 0. Suppose 0 = 6*t + 2*t - w. Suppose 0 = 2*h - 5*d - 23 - 14, -t*d + 58 = 2*h. What are the prime factors of h?
2, 13
Let b(i) be the second derivative of 7*i**4/6 + i**2 - 15*i. Let w be b(5). Suppose 0 = 10*v - w - 248. What are the prime factors of v?
2, 3, 5
Suppose -11*b + 10 + 34 = 0. Suppose 0 = -4*x, -b*w - 3*x - 920 + 2940 = 0. List the prime factors of w.
5, 101
Let d be 1*(-12)/(-16) + 68/16. Suppose -v = 4*i + 8, 0 = -2*v - 0*v + d*i + 10. List the prime factors of 6/2 + (96 - v).
3, 11
Let o(t) = 2 - 42*t - 4 - 7 - 15*t. Let q be o(-2). Suppose -2*s + q = s. List the prime factors of s.
5, 7
Suppose 7*a = 8*a - 14*a. List the prime factors of (a*2/(-6) - 4) + 172.
2, 3, 7
Let y(w) = 2132*w**3 - 8*w**2 + 36*w - 36. What are the prime factors of y(3)?
2, 3, 13, 41
Let b(k) = 10*k - 6*k + 7*k + k**2 + 5 + 3*k. List the prime factors of b(-20).
5
Let w be 663*(-2)/9*(0 - 12). Suppose -w = -2*y + u, y + 5*u - 1052 = -179. What are the prime factors of y?
883
Let q = -7276 + 7283. Suppose -5*b + 640 + 855 = 0. Suppose 821 = q*h - b. What are the prime factors of h?
2, 5
Let p(r) = r**3 + 3*r**2 - 7*r - 12. Suppose 5*t = 2*g + 8, -t + 7 = -2*g - 1. Let w be p(g). Suppose w = -2*u + 190 - 20. List the prime factors of u.
5, 17
Let a be ((-10)/25 - 8/5) + -9. Let w = -9 - a. Suppose i = w*i - 133. List the prime factors of i.
7, 19
Let c = 910 - 518. Suppose -b + c + 349 = 0. What are the prime factors of b?
3, 13, 19
Let i = 555 - 501. Suppose 52*f = i*f - 1330. What are the prime factors of f?
5, 7, 19
Let l(c) be the second derivative of -c**5/20 - 7*c**4/12 - 53*c**3/6 - 9*c**2 + 11*c + 5. What are the prime factors of l(-11)?
1049
Let r(p) = 37*p - 65. Let i be r(6). Suppose -623 - i = -10*h. What are the prime factors of h?
2, 3, 13
Let v(p) = p**3 + 18*p**2 - 2*p - 23. Suppose -26 - 12 = 2*j + z, 0 = -2*j + 4*z - 28. List the prime factors of v(j).
13
Let y(n) = n**2 - 17*n + 75. Let q be y(9). Suppose -q*h + 173 + 1875 = -5*v, 4*v = -5*h + 3475. What are the prime factors of h?
691
Suppose 13*i - 23325 = 16663. Suppose 18*x - 3332 = i. What are the prime factors of x?
2, 89
Let d = -13054 - -19163. What are the prime factors of d?
41, 149
Let f(d) = 2*d**3 - 51*d**2 - 49*d - 77. List the prime factors of f(29).
3, 7, 11, 19
Let v(m) = -m**3 - 2*m - 4. Let c be v(-2). Suppose -c*n + 4 = -12. Suppose -3*s + 187 = n*t + 19, 2*s = -2*t + 166. List the prime factors of t.
3
Suppose 19*l - 28 = 10. Suppose -l*h - 225 = -967. What are the prime factors of h?
7, 53
Suppose -18 = 639*l - 638*l. Let s = 265 - 141. Let o = s + l. List the prime factors of o.
2, 53
What are the prime factors of 2/(-4)*(-132)/(-22) + 6174?
3, 11, 17
Suppose 2*x - 56*m + 57*m - 4516 = 0, -9044 = -4*x + m. What are the prime factors of x?
2, 5, 113
List the prime factors of ((-1552)/(-970))/(1/1765).
2, 353
Suppose -73 = 3*a - 6*a - 2*b, 64 = 4*a - 4*b. Suppose 0 = -a*u + 15*u + 6930. List the prime factors of u.
3, 5, 7, 11
Suppose 0 = 31*k - 1130 + 324. Suppose -k*x + 24*x + 560 = 0. List the prime factors of x.
2, 5, 7
Let r(j) = 384*j**2 + 119*j - 2. What are the prime factors of r(8)?
2, 12763
Suppose 0 = -99*g + 102015 + 406845. What are the prime factors of g?
2, 5, 257
Suppose 24*p = 29*p - 25. Suppose -10 = -p*b, -4*r + 5320 = -0*b - 4*b. What are the prime factors of (r/(-8))/9*-4?
2, 37
Let a = 829 - 829. Suppose 4*l - i - 5225 = -4*i, a = -3*l + 2*i + 3940. What are the prime factors of l?
2, 5, 131
Let f be (-1)/((-2)/3779) - (-11)/(-22). Suppose 0 = -23*l + f + 6230. List the prime factors of l.
353
Let u = -172 + 213. Let i = 199 - u. List the prime factors of i.
2, 79
Let o(w) = 3*w**2 - 17*w - 5. Let u be o(6). List the prime factors of u*8 + 44191/59.
757
Let y = 286 + 276. Let u be (0 - -13)/((-3 - 3)/(-6)). Suppose y = u*t - 2376. List the prime factors of t.
2, 113
Let j = 7964 + -5144. What are the prime factors of j?
2, 3, 5, 47
Let y(t) = 353*t - 82. What are the prime factors of y(6)?
2, 509
Let t(v) = 69*v + 96. Let l(o) = o**2 + 22*o - 120. Let y be l(5). List the prime factors of t(y).
3, 13, 29
Let f = 54 - 38. Suppose -1 = c, v - 4*v - f = -2*c. List the prime factors of (110/v)/((-3 - -5)/(-6)).
5, 11
Let i = 883 - -530. Suppose -3*w + 6*w = i. What are the prime factors of w?
3, 157
Let j = -237 + 399. Let r = j + 177. List the prime factors of r.
3, 113
Let p(y) = 293*y**2 - 8*y - 14. What are the prime factors of p(5)?
11, 661
Let c = 181 - 176. Suppose c*j + 248 = 2*s, -3*j - 562 = -5*s - 5*j. List the prime factors of s.
2, 3, 19
Let d(c) = -13*c**2 + 6*c. Let j be d(3). Let w = j + 152. What are the prime factors of (w/(-4))/(2/(-8))?
53
Suppose -2793152 = -57*t + 40*t - 135*t. List the prime factors of t.
2, 2297
Suppose -3*t + v = -64 + 524, -3*t - 5*v - 490 = 0. Let u = t - -242. List the prime factors of u.
3, 29
Let p be (2128/(-20) - 0)/(1/5). Let h = p - -738. What are the prime factors of h?
2, 103
Let j = 286 + -283. What are the prime factors of j*((1 - 6) + 7268/69)?
7, 43
Let j(u) = 2*u**2 - 8*u + 73. Suppose 3*m - 22*b = -26*b + 46, m - 26 = -4*b. What are the prime factors of j(m)?
193
Let i = -666 - -3914. What are the prime factors of i?
2, 7, 29
Suppose -3*a + 4*s = -64472, -21492 = -a - 3628*s + 3629*s. List the prime factors of a.
2, 2687
What are the prime factors of (-11872)/64*(-51 + 3 - 2)?
5, 7, 53
Let u = -944 - -1526. Let m = 1202 - u. Let w = -392 + m. List the prime factors of w.
2, 3, 19
Suppose -3*s = 3*a - 705, 0 = 2*a - 3*s - 167 - 293. Suppose 204*b - a = 203*b. List the prime factors of b.
233
Let j(k) be the second derivative of 3*k**5/10 + k**3/2 - k**2 - 7*k. Let o be j(1). Suppose -o*t - 3*t = -790. List the prime factors of t.
79
Suppose -15768 = -5*i + 40247. List the prime factors of i.
17, 659
Let g(j) = -10*j - 32. Let v(q) = 2*q**2 - 11*q + 1. Let x be v(6). Suppose 10*d - x*d + 42 = 0. What are the prime factors of g(d)?
2, 3
Let k be -4 + (-193 - (-2 + 6)). Let s = -99 - k. List the prime factors of s.
2, 3, 17
What are the prime factors of (-107 - -72)*(-569 + -2)?
5, 7, 571
Suppose -4*b = a - 9, -a - 1 = -b - 5. Suppose -3*y + 2*d = 18, 0 = -2*d - 28 + 22. What are the prime factors of (y/(-10))/((-4)/(-470)*b)?
2, 47
Let f = 24264 + -14739. What are the prime factors of f?
3, 5, 127
Let x(u) = -u**2 + 14*u + 10128. What are the prime factors of x(0)?
2, 3, 211
Let q(i) = i**3 - 12*i**2 + 22*i - 14. Let p(u) = u**3 - 13*u**2 + 22*u - 14. Let g(n) = -4*p(n) + 3*q(n). List the prime factors of g(14).
2, 7
Suppose -o - 10 = -4*n, -3*n - 3*o = -6*n + 12. Suppose 5*v + 5*s - 3100 = 0, -v - n*v = 4*s - 1864. What are the prime factors of v?
2, 7, 11
Let d(o) = -o**2 - 22*o - 34. Let f be 714/(-35) - 2/(-5). Let y be d(f). Let u(x) = x**3 - x**2 - 13*x - 8. List the prime factors of u(y).
2, 47
Let x(w) = 7*w**3 + 3*w**2 - 5*w + 9. Let s be x(3). Let n be 8 + 3*(-4 - -3). Suppose 6*u - s = n*u. What are the prime factors of u?
2, 3, 5, 7
Let g be (-1 - 0)/(-2) - 8445/(-10). Suppose -4*p - g = -7*p + 2*w, -3*p - 3*w + 840 = 0. What are the prime factors of p?
281
Let h = 97 + -93. Let p be 3/(6/h)*(-441)/(-2). Suppose 3*v - p = -2*v + b, -2*b = v - 86. What are the prime factors of v?
2, 11
Let n(d) = -68*d + 4. Let g be n(3). Let r(h) = 110*h**3 + h**2 - 2*h - 4. Let l be r(-1). Let t = l - g. List the prime factors of t.
89
List the prime factors of 4/10 - (-1204344)/40.
30109
Let n(t) = -4*t + 8*t - 39*t + 1 + 5. Let v be n(-5). Let f = v - 94. What are the prime factors of f?
3, 29
Suppose -2*j + 4*j = -3*j. Suppose -5*b + a + 1077 = 0, -a = 2 - j. What are the prime factors of b?
5, 43
Let u = -108 + 130. Suppose -u*g + 48065 - 15747 = 0. What are the prime factors of g?
13, 113
Let v(